 remainder when i is divided by p.
5
Suppose 0 = -s - 2*s - 69. Let n = -14 - s. What is the remainder when 26 is divided by n?
8
What is the remainder when 118 - (3 - 8/2) is divided by 18?
11
Let k(r) = r**3 - 21*r**2 - 21*r - 18. Suppose -4*u = 4 - 44. Calculate the remainder when u is divided by k(22).
2
Suppose 3*m - 4*m = -17. Calculate the remainder when 67 is divided by m.
16
Let j(p) = p**3 - 4*p**2 - 8*p + 1. Let z be j(6). Suppose -49 - z = -2*i. Suppose 0*a + 169 = 13*a. What is the remainder when i is divided by a?
11
Suppose -20*s + 21*s - 11 = 0. Let d(y) = -y + 3. What is the remainder when s is divided by d(-3)?
5
Let k = 17 + -8. What is the remainder when 33 is divided by k?
6
Let k(p) = p**2 - 4*p - 3. Suppose -2*g + 2*l + 157 = g, -2*g = 2*l - 108. Calculate the remainder when g is divided by k(-3).
17
Let s(u) = u**3 + 7*u**2 + 3*u - 6. Calculate the remainder when 55 is divided by s(-5).
26
Let p = -5 - -8. Let t(g) = -g**3 + 6*g**2 - 3*g + 1. Let o be t(4). Suppose 7*d = 4*d + o. Calculate the remainder when d is divided by p.
1
Suppose 3*m - 24 = m. What is the remainder when 23 is divided by (-392)/(-48) - 2/m?
7
Let q = 38 - 21. Let m = q - 10. Calculate the remainder when 12 is divided by m.
5
Suppose v = -2*v + 18. Let l = v - 4. Calculate the remainder when 3 is divided by l.
1
Let h = 6 + -1. Suppose x + 5*y = 41, 3*y = -2*x + h*y + 130. What is the remainder when x is divided by (-2)/3 + (-325)/(-15)?
19
Suppose 5*u - 30 - 45 = 0. Suppose 35 = -2*x + 5*l, 0 = -x + 3*l - 16. Calculate the remainder when ((-70)/x)/(2/20) is divided by u.
13
Let x = 212 - 124. Calculate the remainder when x is divided by 18.
16
Let l be (24/9)/(2/3). Suppose 4*r + l = 0, -j + 3*r = 3*j - 19. Let q = j + 15. Calculate the remainder when 56 is divided by q.
18
Let o = 98 + -55. What is the remainder when o is divided by 15?
13
Suppose 3*k + 35 = 2*q - 0*q, -q = -5*k - 7. Suppose -2*f + 4*r + 94 = 0, -f - r = -6*r - 56. Calculate the remainder when f is divided by q.
19
Suppose 4*p = 4*m + 56, m + 4*m + 5*p = -120. Let b = 12 + m. Let w = -5 - b. Calculate the remainder when 3 is divided by w.
1
Let l be 2 + -4 + 2 + -1. Let k be l - (-32 - (-3)/(-3)). Suppose -2*z = 2*z - k. Calculate the remainder when z is divided by 3.
2
Let a = 16 + -10. Suppose -138 + 18 = 5*t. Let r = -2 - t. What is the remainder when r is divided by a?
4
Let l(s) = -7*s - 38. What is the remainder when 71 is divided by l(-8)?
17
Let p = 733 + -520. Calculate the remainder when p is divided by 24.
21
Let u = 340 - 240. What is the remainder when u is divided by 34?
32
What is the remainder when 114 is divided by 29/1*(-11 + 12)?
27
Suppose -6*g - 105 = -321. Calculate the remainder when 139 is divided by g.
31
Calculate the remainder when 53 is divided by 0/(-2) + 6 + 1 + 2.
8
Let n(b) = b + 8. What is the remainder when 31 is divided by n(0)?
7
Let a = -87 - -143. Calculate the remainder when a is divided by 21.
14
Let f = 14 + -10. Suppose 0 = -4*o - 0*o + 24. Calculate the remainder when o is divided by f.
2
Calculate the remainder when 61 is divided by (7 - 15)*(-4 - -2).
13
Let v = -26 - -39. Calculate the remainder when 47 is divided by v.
8
Suppose 2*c + 5*c = 49. Calculate the remainder when 17 is divided by c.
3
Suppose 0 = 3*w - 2*n - 121, -3*n - 79 = -5*w + 3*w. Calculate the remainder when w is divided by 22.
19
Let t be (1 - 1)/(2 + 0). Let a(v) = v**3 + v + 43. Calculate the remainder when a(t) is divided by 15.
13
Let n(i) = -i + 5. Let q be n(7). Suppose 2*j = -3*u + 38, 4*j - 75 + 11 = -3*u. Calculate the remainder when (-150)/(-4) - q/(-4) is divided by j.
11
Let h = 90 - -42. Calculate the remainder when h is divided by 27.
24
Let u(z) = -z**3 - 13*z**2 + 23*z + 22. What is the remainder when u(-15) is divided by 33?
28
Let u = 20 + 10. Suppose -5*v + 40 = -u. Suppose 4*c + 27 = 5*c. What is the remainder when c is divided by v?
13
What is the remainder when (-1 + -12)/((24/(-9))/8) is divided by 20?
19
What is the remainder when 40 is divided by (-5)/25 + (-76)/(-5)?
10
Let k = 39 + -19. Let r = -265 + 859. What is the remainder when (-4)/10 - r/(-10) is divided by k?
19
Suppose 5*f = -h + 8 + 113, -3*f + 207 = 2*h. What is the remainder when 45 is divided by (3/(-9))/((-2)/h)?
13
Suppose 3*h - 90 = 8*h. Suppose -3*g + g = -16. What is the remainder when g is divided by ((-4)/(-6))/((-4)/h)?
2
Suppose 3*u - 3*q = 342, -u - 4*u = -4*q - 571. Calculate the remainder when u is divided by 29.
28
Let f(a) = 12*a + 7. Let t(z) = z**3 - z**2 - 7*z + 6. Calculate the remainder when f(8) is divided by t(4).
25
Let u = 225 + -112. Calculate the remainder when u is divided by 29.
26
Let y = 15 + -4. Let b(h) = -27*h**3 - 1. Let p be b(-1). Let s = p + -5. What is the remainder when s is divided by y?
10
Let x = -100 - -34. Let l = x - -93. Suppose 4*f - 63 = 2*j - 15, 3*f = j + 38. What is the remainder when l is divided by f?
13
Let f be 4/4 - (-2 + 2). Let r = 10 - f. Suppose 2*n = -3*n + 80. Calculate the remainder when n is divided by r.
7
Let g = 179 - 58. Suppose 4*d = -o + 162, 0 = 2*d - 2*o - g + 45. Let y = -3 + d. Calculate the remainder when y is divided by 10.
7
What is the remainder when ((-2)/4)/(8/(-1136)) is divided by 12?
11
Let z(l) = -l**3 + 5*l**2 - 5*l + 3. Let o be z(4). Let f be (0/(-3) - o) + 23. Let d = f + -2. Calculate the remainder when d is divided by 8.
6
Calculate the remainder when 62*-3*2/(-12) is divided by 16.
15
Let g = 300 + -42. Suppose -2*o + g = 4*n - 3*o, 128 = 2*n - o. What is the remainder when n is divided by 17?
14
Suppose -5*w = 3*p - 379, 0 = -3*p + 4*w + 6 + 355. What is the remainder when 4*4/24*p is divided by 21?
19
Suppose 0*j = -j + 68. What is the remainder when j is divided by 875/49 - 2/(-14)?
14
Suppose i + 10 = 3*i. Suppose 4*n - 15 = 2*n + 3*r, 0 = n + 5*r - 14. What is the remainder when n is divided by i?
4
Let r(u) = -2*u - 3. Let d(f) = -f - 4. Let m(i) = -4*d(i) + 3*r(i). Let j(x) = -x - 6. Let a be j(3). What is the remainder when m(a) is divided by 9?
7
Let o = 60 - 34. What is the remainder when o is divided by 15?
11
Suppose h - 37 - 42 = -5*l, -l - 237 = -3*h. Let o = -14 - -41. What is the remainder when h is divided by o?
25
Let k = -16 - -50. Calculate the remainder when k is divided by 18.
16
Let z(b) = 5*b - 12. What is the remainder when 33 is divided by z(6)?
15
Let v = -2 + 5. Suppose v*q - 47 = 10. Calculate the remainder when q is divided by 10.
9
Suppose 4*t + 26 = 6. Let o = -3 - t. Suppose -o*k + 70 = -0*k. What is the remainder when k is divided by 12?
11
Suppose -159 - 57 = -2*o. Calculate the remainder when o is divided by 28.
24
Suppose 7 = 3*s + 2*z, 5*s = 4*z + 8 + 11. Suppose 0 = -2*v + s + 17. What is the remainder when 28 is divided by v?
8
Let i = -110 - -122. Suppose -2*w + 0*w + 70 = 0. Calculate the remainder when w is divided by i.
11
Let h = 99 - 61. What is the remainder when h is divided by (-2)/(-6) + (-114)/(-9)?
12
Suppose -3*p = -2*f - 42, 42 = -0*p + 3*p - 3*f. Calculate the remainder when 42 - 4/(-6)*-3 is divided by p.
12
Suppose 7*r - 331 = -79. Suppose -4 = -5*q + 61. Calculate the remainder when r is divided by q.
10
Let p(h) = -h + 15. Let o be p(10). Suppose 0 = -o*m + 142 - 47. What is the remainder when m is divided by 11?
8
Let g = -11 - -13. Let l(y) = 5*y**3 + 3*y**2 - 5*y + 2. What is the remainder when l(g) is divided by 16?
12
Let b(k) = k + 2. Let w be b(0). Suppose -5*c = -w - 8. What is the remainder when c is divided by 2?
0
Let r = 20 + -19. Calculate the remainder when 56 is divided by (1/3)/(r/57).
18
Let s = -11 - -44. Calculate the remainder when 126 is divided by s.
27
Let n = -45 + 56. Calculate the remainder when 41 is divided by n.
8
Let q(k) = 4*k**2 - 7*k + 14. Calculate the remainder when q(3) is divided by 5/(1/(-2)*-1).
9
Let d be (-4)/18 - (-187)/(-9). Let o(m) = 21*m**3 - 2*m**2 + 1. Calculate the remainder when o(1) is divided by 6/14 - 222/d.
9
Suppose -19 = -4*p + 1. Let z(n) = n**3 - 4*n**2 + 5. Calculate the remainder when z(p) is divided by 16.
14
Let m = 36 - 33. Calculate the remainder when 6 is divided by m.
0
Let h(c) = c**3 + 10*c**2 - 5*c - 9. What is the remainder when 161 is divided by h(-10)?
38